e -6 + 466 - (-1)/(3/9). Suppose -i + 8 = 3*i. List the prime factors of (d + i)*12/36.
5, 31
Let q(w) = -7*w**3 + 79*w**2 - 69*w - 97. Let l(i) = 3*i**3 - 39*i**2 + 34*i + 49. Let n(m) = -5*l(m) - 2*q(m). List the prime factors of n(36).
3, 31
Let l = 0 - 0. Suppose 4*m + 30*j = 34*j + 896, 4*m + 3*j - 910 = l. What are the prime factors of m?
2, 113
Let p be (4 - 28*3)*7. Let o = -217 - p. List the prime factors of o.
7
Let d(t) = -2*t**2 + 41*t - 24. Let y = 165 - 149. What are the prime factors of d(y)?
2, 3, 5
Let x = -13 + 23. Let y = 311 + -372. Let s = x - y. List the prime factors of s.
71
Let j(g) be the first derivative of 0*g**2 + 0*g + 0*g**3 + 67/2*g**4 - 11. What are the prime factors of j(1)?
2, 67
What are the prime factors of (63/(-27) - 3/(-9)) + 53817 + 0?
5, 47, 229
Let g be (-2167)/(-7) - (-52)/(-91). Suppose 9*c + g = 1830. What are the prime factors of c?
13
What are the prime factors of -25*88794/(-360) - 1/4?
2, 3083
Let r(l) = -1421*l**3 - l**2 - l - 1. Let a be r(-1). Suppose -5*p = b - a, 5*p - 7*p + 576 = 2*b. What are the prime factors of p?
283
Let f(r) = 446*r - 219. Let c = -754 - -757. What are the prime factors of f(c)?
3, 373
Let l(y) = -6*y + 22. Let r = -75 - -83. Suppose -5*s - 26 = j - 5*j, -2*s = -4*j + r. What are the prime factors of l(s)?
2, 29
Suppose -11*i + 16924 = 6*i - 26528. What are the prime factors of i?
2, 3, 71
Let u(i) = -i**3 + 5*i**2 + 2*i - 5. Let w be u(5). Suppose 3*n + 110 = 4*a - 37, -2*a = -w*n - 63. Suppose -2*l - 7 + a = 0. What are the prime factors of l?
2
Let x(a) = -55*a - 4. Suppose -4*p = -2*j + 8, 5*j - 2*j = 3*p + 18. Suppose 0*q + j = -f - q, 16 = -5*f + q. List the prime factors of x(f).
2, 3
Suppose 4*t + 25 + 3 = 0. Let u = t + 12. Suppose u*b + 412 = 9*b. What are the prime factors of b?
103
Suppose 0 = 3*k - a - 216362, -5*k + 360595 = 33*a - 43*a. What are the prime factors of k?
7, 10303
Suppose -5 - 13 = -4*f + 3*p, 5*p + 30 = 4*f. Let c be (-1 - -1*1) + 76. Suppose 4*l - c - 236 = f. List the prime factors of l.
2, 3, 13
Let r(g) = 16*g - 416. Let c be r(22). Let p(v) = 14*v - 2. Let a be p(10). Let h = c + a. What are the prime factors of h?
2, 37
Suppose 4*b + 11 = 3*b - 3*l, -l - 7 = -3*b. Let o(d) = 1 + 0*d**2 + 6*d - d**2 - 14*d + 6*d + 7*d**2. What are the prime factors of o(b)?
5
Let y(c) = -7*c - 31. Let r be y(-5). Suppose -g = 5*n - 366, 0*n = r*g - n - 1443. What are the prime factors of g?
19
Let d(r) = 2*r**3 - 3*r**2 - 139*r - 3. List the prime factors of d(21).
3, 4759
Suppose -1088 + 12218 = -n. List the prime factors of n/(-60)*(-1)/(21/(-36)).
2, 3, 53
Let q = -12715 - -20856. List the prime factors of q.
7, 1163
Let g be 3 + 1 - 60/(-10). Suppose 2*v + g - 222 = 0. Suppose -2*m + 112 = -2*p + p, 2*m + 2*p = v. What are the prime factors of m?
5, 11
Suppose -4*n - 20948 + 1756 = -4*o, -5*o + 2*n + 23978 = 0. List the prime factors of o.
2, 3, 17, 47
Suppose -45465 = 47*q - 62*q. List the prime factors of q.
7, 433
Suppose -15*d = -95 + 5. Suppose -575 = z - d*z. Let n = -45 + z. What are the prime factors of n?
2, 5, 7
Let m = -155 + 98. Let n = -50 - m. Suppose 2*f - n*f = -105. What are the prime factors of f?
3, 7
Let j(v) = -19*v**3 + 2*v**2 + 14*v + 139. What are the prime factors of j(-7)?
2, 13
Suppose -13 = -4*k + z, -3*z = 4*k - 0*k - 9. Suppose -k*c = -c. List the prime factors of (-42)/(5/(-10) + c).
2, 3, 7
Let p = -147015 + 229141. What are the prime factors of p?
2, 11, 3733
Suppose 0 = -2*n - 3*d + 5, 4*n + 2*d - 12 = -2*d. Let c = 22 - n. Suppose -c*l = -5*l - 1209. What are the prime factors of l?
3, 31
Suppose -9*q = -2*n - 14*q + 235, 0 = -5*n - 4*q + 613. List the prime factors of n.
5
Suppose 339 = -10*q + 1429. Let x = q - 109. Suppose x = 16*s - 1410 - 2334. List the prime factors of s.
2, 3, 13
Suppose h = 2*c - 11155, 133*c - 137*c - 4*h + 22316 = 0. What are the prime factors of c?
2, 2789
Let r(h) = -12*h**3 + 2*h - 2. Let k be r(1). Let u be (k/10)/(-5*5/(-2000)). Let a = u + 159. List the prime factors of a.
3, 7
Suppose 15*r - 17*r - 92 = 0. Let y = -44 - r. Let z(j) = 44*j + 3. What are the prime factors of z(y)?
7, 13
Suppose 178*n = -39775 - 3487 + 771994. What are the prime factors of n?
2, 23, 89
Let f be (5 - (8 + -5))*-1. What are the prime factors of f + -5 + 3486/(3/1)?
3, 5, 7, 11
Let x(z) = 48*z - 6539. What are the prime factors of x(168)?
5, 61
Let q = 38 - 33. Suppose -3*i = q*i - 4*i. Let u(k) = -k**3 + 2*k**2 + 183. What are the prime factors of u(i)?
3, 61
Suppose 17*t = -6 + 74. Suppose -5*q - 587 = -2*g, -2*q + 10 - t = 0. List the prime factors of g.
7, 43
Let g = 10715 + -6548. What are the prime factors of g?
3, 463
Let p = 9870 - 4879. List the prime factors of p.
7, 23, 31
Let k = -250 - -6262. List the prime factors of k.
2, 3, 167
Let h = 434 + -366. List the prime factors of h.
2, 17
Suppose -n + 8*w + 32 = 4*w, 0 = n + w - 7. Suppose -n*i = -8*i. Suppose -5*z + 248 + 87 = i. What are the prime factors of z?
67
Suppose 233*x - 230*x + 18 = 0. List the prime factors of x/(((-6)/(-848))/((-10)/8)).
2, 5, 53
Let r(c) = 3*c + 1. Suppose 4*l + 0*l = 5*x + 27, -3*l + 4*x = -21. Let p be r(l). Suppose 168 = 2*j + p. List the prime factors of j.
79
Let l = 229 + -41. Let q = l - 167. What are the prime factors of q?
3, 7
Let g be (-4 - (2 - 17))*-1. Let m(y) = y + 1. Let q(j) = -9*j - 10. Let z(u) = 14*m(u) + 2*q(u). List the prime factors of z(g).
2, 19
Let t(f) = -531*f**2 - 7*f + 6. Let m be t(1). Let v = -803 - m. Let w = v - -402. What are the prime factors of w?
131
Suppose -18176 = -5*d + 2*o + 11665, 5*o = 3*d - 17897. What are the prime factors of d?
47, 127
Let v(s) = 1 + 95*s + 21*s - 42*s + 107*s. Suppose -6 + 4 = -2*f. List the prime factors of v(f).
2, 7, 13
Let u be (-2517)/(-4)*24/(-9). Let k = -900 - u. What are the prime factors of k?
2, 389
Let v(l) = -l**2 + 54*l - 130. Let d be v(24). Let h = 46 + d. List the prime factors of h.
2, 3, 53
List the prime factors of 116697/9 - (-4*(-35)/(-84))/(-5).
2, 3, 2161
Let t be (-4 + 66/12)/((-3)/(-606)). Let n = 516 - t. What are the prime factors of n?
3, 71
Let o(c) = c**3 - 10*c**2 + 17*c + 5. Let u be o(9). Let y = -56 + u. List the prime factors of y.
3, 7
Suppose -t - 106 = u - 3*t, -3*u = t + 339. Let q be (-62)/(-16) + (-14)/u. Suppose 2*c = -q*w + 322, 3*w + 2*c = 61 + 181. List the prime factors of w.
2, 5
Let c = 322 - 22. Suppose 5 = g, -6*j + j + 4*g = -c. Suppose -3*z = -3*t + 87, 2*t + 2*z = 7*z + j. List the prime factors of t.
3
Suppose -9*s = -15*s - 558. Let o = -88 - s. Suppose -o*t = -0*t, -597 = -3*q - t. What are the prime factors of q?
199
Let b(l) = -l**3 + 4*l**2 - 4*l + 3. Let j be b(2). Suppose -j*y = 3*y + 12. What are the prime factors of y - (-1 - (-3 - -34))?
2, 3, 5
Suppose -3*f + 3 + 2 = 5*k, 13 = -5*f - 3*k. Let h be f*(-5)/(0 + 5). Suppose 3*v + h*n - 126 = 2*v, -v + 129 = 4*n. What are the prime factors of v?
3, 47
Let g = -1110 + 2126. Let a = g + 274. What are the prime factors of a?
2, 3, 5, 43
Let p = -451 - -951. Suppose p*a + 48 = 503*a. List the prime factors of a.
2
Let g(d) be the first derivative of d**3/3 + 9*d**2/2 + 6*d - 9. Let t be g(-8). List the prime factors of (3/(-2))/(t + (-242)/(-124)).
31
Suppose -5*i = -5*c + 15, 7*c - 9 = 4*c - 3*i. Suppose -4*x = -h + 5*h + 4, -5*x + c*h + 3 = 0. Suppose x = q - 25 + 3. What are the prime factors of q?
2, 11
Suppose 72 = -5*l + 3*f + 194, 48 = 2*l - 2*f. Let v be (-2)/(0 + (-1)/10). List the prime factors of l/(-2)*(-16)/v.
2, 5
Let c = 10142 - 1371. What are the prime factors of c?
7, 179
Suppose 4*z = -3*s + 40, -4*z - s = -53 + 5. Let o(r) = 3*r**2 - 10*r + 41. What are the prime factors of o(z)?
2, 11, 19
Let h = -10102 + 19893. List the prime factors of h.
9791
Let j(g) = 2*g - 17. Let d be 2 - 3 - 72/(-6). Let w be j(d). Suppose -4*f + 166 = 5*c, -4*f + 17 = -w*c + 151. What are the prime factors of c?
2, 3, 5
Let i be 4 - (43 - (1 + -5)). Let c = 47 + i. Suppose -j + 94 = 2*a + 2, -c*j = -16. List the prime factors of a.
2, 11
Let v = -5786 - -6042. Let l = 123 - 302. Let f = l + v. What are the prime factors of f?
7, 11
Suppose 1262111 = 191*w - 437607 + 228254. What are the prime factors of w?
2, 3, 107
Let d(u) = u - 20. Let